*p - b = -6*p. Is p a composite number?
False
Let y be (5 + -13)/(-2) + 228. Suppose 0*x - 18 = -5*g + x, -2*g = 3*x - 14. Suppose -g*p + 3*q + y = 2*q, 5*p + 5*q - 290 = 0. Is p a composite number?
True
Let d = -276 + 682. Is d + (4 - (2/1 - -1)) a prime number?
False
Let t(n) = n**2 - 10*n. Suppose -5*j - 71 = -36. Is t(j) composite?
True
Let g = 37 + -45. Is (122/8)/(g/(-96)) a composite number?
True
Let x(w) = 3501*w - 548. Is x(5) a prime number?
False
Suppose -36*u + 1488 = -28*u. Suppose -579 + u = -s. Is s composite?
True
Let l = 6 - 3. Suppose l*d - 7*d + 212 = 0. Is d a prime number?
True
Suppose -1065 = -3*t - 0*t. Suppose -k + 0*k = -160. Suppose 5*o - k = t. Is o a composite number?
False
Suppose 3*h - 9 = 0, 5*h - 45785 = -4*p - 7726. Is p composite?
False
Suppose 3*q - 20 = q. Suppose -5*i + 2*i = -12. Let m = q - i. Is m prime?
False
Suppose -804 = -5*i - 5*m + 226, 3*m + 831 = 4*i. Let f = i + 239. Is f a composite number?
True
Let f = 3 - -21. Let i = f - 18. Is (-10)/(-15) + 458/i a composite number?
True
Suppose 0 = -2*b - 2*h + 6, -5*h + 1 - 18 = -3*b. Suppose z - 5 = b*w - 24, 3*w + 5*z = 43. Is w/(-14) + (-972)/(-14) composite?
True
Suppose -5*i - 15*i + 32380 = 0. Is i prime?
True
Let h(l) = -l**2 - 2*l - 1. Let m be h(-3). Is m/6 - 1726/(-6) prime?
False
Suppose 5*y = -5*i + 30, -3*y + i = y - 14. Suppose 5*r + 65 = -2*b, 3*b + r + 66 = y*r. Is (-3065)/b + (-3)/5 prime?
False
Let i(r) = 12*r**2 + 3*r - 16. Let f(k) = 12*k**2 + 7*k - 17. Let a(y) = -y. Let d(s) = 4*a(s) + f(s). Let w(u) = -2*d(u) + 3*i(u). Is w(13) composite?
False
Let x(s) = 2*s**3 - 8*s**2 + 2*s - 115. Is x(25) a prime number?
False
Let r(l) be the first derivative of -l**4/4 - 4*l**3 + 10*l**2 + 15*l - 9. Is r(-14) a composite number?
False
Let d(t) = -2*t + 3*t**3 + 118 + 25 - 2*t**3 + t**2. Is d(0) a composite number?
True
Suppose -7221 = 16*k - 52613. Is k a prime number?
True
Suppose -3*i + 6516 = 3*i. Suppose -i - 495 = -3*f. Is f a composite number?
True
Suppose -v + 4*g = -13, -5*v = -4*g - 20 - 13. Suppose -15 - 30 = -4*h + v*b, -17 = -2*h - 3*b. Is h a prime number?
False
Let n = 25 - 22. Suppose 3*f + 4*x = 45, n*x - 28 = -2*f + 1. Suppose -t = -125 + f. Is t a prime number?
False
Suppose t - 364 = 3*o, 2*o + 3*o + 584 = -4*t. Let k be (18/(-24))/(2/8). Is (-9)/3 + o/k a composite number?
False
Suppose 89 = -2*p + 301. Let w be (-4)/(3 + (-188)/60). Is 12/w - p/(-10) a prime number?
True
Let x(m) = -132*m - 1 - 171*m - 1 + 0. Is x(-3) prime?
True
Is -30 + 25 + 9104/2 composite?
False
Suppose 21*i = 18*i + 12. Let f(c) = -c**3 - 4*c**2 - c + 4. Let m be f(-3). Is m/i + (-620)/(-8) composite?
True
Suppose -5*g - 3*k = -28775, 7*k = -3*g + 5*k + 17265. Is g composite?
True
Let n = -44 - -47. Suppose -n*z + 9153 = -g + 4*g, g + 2*z - 3055 = 0. Is g a prime number?
False
Let j(x) = -x**2 + 12*x - 9. Let l be j(11). Suppose 0 = 7*t - l*t - 65. Suppose -6*c + t = -143. Is c prime?
False
Let n(o) = 12*o**2 - 73*o + 58. Is n(-51) composite?
True
Let j = -30 + 23. Let s = 11 + j. Is s*(-1 - (-815)/20) prime?
False
Let r(n) = n**2 + 10*n + 8. Let m be 4*(-1)/(-8)*-12. Let x be r(m). Let i(l) = -28*l + 31. Is i(x) prime?
True
Let q(l) = -6 + 4*l - 3*l**2 - 4 + 8*l**2. Let y(i) = i**3 - 3*i**2 + 2*i + 1. Let s be y(3). Is q(s) a prime number?
True
Suppose 0 = 3*g + 7 + 11. Let p be g*(-5)/4*-2. Let s = p - -52. Is s composite?
False
Let y be ((-10)/3)/((-2)/(-6)). Let v = -54 + 74. Is 8/v + (-5566)/y composite?
False
Let a be (-270)/(-2) - (2 - 0). Suppose 0 = -2*k + a + 453. Is k a prime number?
True
Suppose 13*s - 60*s + 120602 = 0. Is s a composite number?
True
Let n = 23 + -19. Is -4 + (3 - (-540)/n) prime?
False
Suppose -12 = -3*k + 6*k. Let b be ((-6)/(-1) - k) + 1. Suppose -b - 4 = -o. Is o composite?
True
Let c be 25/(-10)*(-16448)/40. Suppose -n + 6*n - 10 = 0. Suppose 5*x + 0*x = -n*b + 514, -4*b - 5*x = -c. Is b prime?
True
Suppose -7*c + 2*c = a - 24, 0 = 5*a + 2*c - 51. Suppose 3 = 3*n - a. Suppose 5*s = -n*m + 114, 149 = 5*m - 0*m + 3*s. Is m prime?
True
Let j(b) = 39*b**2 - 156. Let q(n) = 1. Let d(z) = j(z) + 156*q(z). Let a be d(1). Let l = -20 + a. Is l composite?
False
Suppose 4*h = -3*o + 49389, 0 = 16*o - 11*o - 3*h - 82315. Is o a prime number?
False
Suppose -96*h + 88*h + 47384 = 0. Is h composite?
False
Let h be 725/(-10) + 1/(-2). Is (h + -1)*(-4)/8 prime?
True
Suppose q = -7*q. Let j(c) = -c**3 + 2843. Is j(q) prime?
True
Let o be 2*(-2 + 15/6). Let k be (o/(-3))/((-1)/6). Suppose -2*s - 114 = -k*g, 2*g - 7 - 137 = -4*s. Is g a prime number?
False
Let t = -5211 - -9016. Suppose -6*x + 11*x - t = 0. Is x prime?
True
Let s(f) = 0*f + 53*f**2 + 8*f + 5 - 4*f. Is s(-2) prime?
False
Let b(c) = 18*c**2 + 7*c + 28. Is b(7) a prime number?
False
Let o(a) = -17178*a + 575. Is o(-3) prime?
False
Let g(n) = -6*n**2 - 15*n**2 - 34 + 8*n - 15 - n**3. Is g(-22) a composite number?
True
Let a be (-179)/3 - 5/15. Let p be a/(-8)*(-8)/(-10). Suppose p + 339 = 5*y. Is y a composite number?
True
Let y = -28 + 23. Let a(q) = -q**3 - 4*q**2 - 7*q + 2. Let n be a(y). Let d = 108 - n. Is d a prime number?
False
Let u = -96 - -136. Suppose -3*s = -g - 235, 0 = 3*s + 4*g - 175 - u. Suppose x - 718 = -s. Is x composite?
False
Let i be (-10)/15 - 2/(-3). Suppose 3*p - 4413 = -i*p. Is p a prime number?
True
Let w(o) = -3*o - 3. Let v be w(-2). Suppose -6 + 3 = 2*t + d, -12 = -v*t + 4*d. Suppose 0 = -f - 0*f + g + 158, t = 2*f - g - 317. Is f composite?
True
Is ((-214)/4)/(((-35)/2110)/7) a composite number?
True
Suppose -2*h + 16061 = 4*q + 3491, -q + 25140 = 4*h. Let o be 4/(-18) - h/27. Is 10/(-15) + o/(-3) prime?
False
Let s(p) = p**3 - 12*p**2 + p - 3. Let f be s(12). Let u(v) = -4*v**2 - 10*v + 11. Let x(w) = w**2 + w + 1. Let r(y) = -u(y) - 2*x(y). Is r(f) prime?
False
Suppose 54*d - 19*d = 75495. Is d a prime number?
False
Suppose -12274 = -2*v + 3*j, -2*v + 10670 = 5*j - 1636. Is v a prime number?
True
Let f be ((-40)/(-18) - 24/108)*-449. Is f*2/(-6) - (-9)/(-27) prime?
False
Suppose 17 = 4*u + 3*j, 0 = -2*u - 2*j + j + 11. Let f = -9 - -22. Let a = f + u. Is a composite?
True
Is (10 - 51491/(-44))*4 a prime number?
True
Suppose -i + 0 = -3. Suppose 3*c = i*h + 12, -c + 2*h + 6 = -0*h. Suppose -c*u + 6*u = 628. Is u prime?
True
Suppose 0 = -7*j + 24*j - 315401. Is j composite?
False
Let t(c) = c**3 + 13 - 16*c**2 + 3*c + 6 - 16. Is t(16) a prime number?
False
Suppose -4 = 5*t - 4*n, 0 = -3*t + n - 4*n + 3. Suppose 13*m - 17693 = -t*m. Is m a composite number?
False
Let y(d) = d**3 - 7*d**2 - 6*d - 7. Let g be y(8). Let j(a) = a**3 - 9*a**2 + a + 1. Is j(g) composite?
True
Let m(z) = -z**3 + 10*z**2 + 6*z - 35. Let r be m(10). Suppose 0 = 20*u - r*u + 3805. Is u a prime number?
True
Let n = -11531 + 19998. Is n composite?
False
Let d be 2/(1*(-2 + (-48)/(-20))). Suppose d*r = -2*l + 8543, -r - l + 1650 = -61. Is r composite?
True
Is 5671 + (-5 - -17)/(-6) a prime number?
True
Let w = -6825 + 12947. Is w a prime number?
False
Let b(o) = 9 - 57*o - 28*o - 5 - 50*o. Is b(-3) a composite number?
False
Suppose -11*z + 156 = -5*z. Let b = z - 13. Is b a composite number?
False
Let y = -17 - -23. Suppose 0 = -z - y*z - 392. Let a = 109 + z. Is a prime?
True
Suppose -12*j + 6*j + 5184 = 0. Let m = j - -119. Is m a prime number?
True
Let b = -43 + 71. Is (-5)/4 + 7/b - -98 a prime number?
True
Let m = -2148 - -4430. Suppose 9*s = 16*s - m. Is s a composite number?
True
Let v(b) = 7*b**2 + b - 1. Let g be v(-6). Suppose -5*m = -1706 + 1456. Suppose -n + g = -m. Is n prime?
False
Let u(v) = 140*v - 15. Let j be u(12). Suppose -725 = -2*t + j. Is t prime?
False
Let f(k) = 340*k**2 - 11*k + 20. Is f(-7) prime?
False
Suppose 0 = -3*j - 4*g + 44965, 4*j - 2*g - 32723 - 27267 = 0. Is j prime?
False
Suppose -g + 6 = f - 0, -f - 12 = -5*g. Suppose t = -0*q - 2*q + 75, -f*q - 243 = -3*t. Is t a prime number?
True
Let c = 25 + -27. Is (-6)/c + (-1 - -539) a composite number?
False
Let q = 7 + -10. Let c be ((-339)/q - -1) + 1. Suppose 0 = 3*s - 122 - c. Is s a composite number?
False
Let l be (-325*8 - 2) + (-2 - -5). Let y = 4901 + l. Is y a composite number?
True
Let z = -284 + 179. Suppose 5*p + 5*p = 2020. Let u = z + p. Is u a prime number?
True
Suppose 3*z